1010 (base 2) to base 6
21214
Convert 695 (base 15) to base 7.
4226
Convert -10011111000011 (base 2) to base 3.
-111222000
What is 1759 (base 11) in base 9?
3061
Convert -4246 (base 9) to base 5.
-44440
What is -18f (base 16) in base 6?
-1503
Convert -40355 (base 7) to base 8.
-23077
2111212 (base 3) to base 8
3450
Convert 12370 (base 11) to base 15.
53cd
-10162 (base 7) to base 16
-9be
-12012 (base 6) to base 13
-a37
102002032 (base 4) to base 15
16d4a
-1011001 (base 3) to base 2
-1101000110
-91 (base 11) to base 9
-121
What is 92d (base 14) in base 12?
1065
-201202 (base 3) to base 6
-2245
What is 624 (base 12) in base 5?
12032
What is -202023 (base 4) in base 7?
-6243
What is 724 (base 12) in base 6?
4444
Convert -269 (base 14) to base 2.
-111100101
What is -344 (base 8) in base 10?
-228
Convert -12653 (base 7) to base 11.
-2629
What is -1352 (base 7) in base 11?
-43a
Convert -477 (base 13) to base 5.
-11044
What is -21002 (base 3) in base 13?
-119
21010221 (base 3) to base 14
1c81
Convert -11110 (base 6) to base 13.
-927
What is 2741 (base 11) in base 7?
13235
-1103 (base 5) to base 3
-12200
Convert -105260 (base 9) to base 13.
-22833
Convert -40453 (base 7) to base 5.
-303323
178 (base 9) to base 3
12122
-103 (base 8) to base 14
-4b
What is -142066 (base 7) in base 13?
-c481
1c2 (base 14) to base 10
366
Convert 12667 (base 8) to base 11.
41a4
Convert 1530 (base 8) to base 12.
5b4
Convert 450 (base 10) to base 11.
37a
What is -3112 (base 9) in base 5?
-33104
Convert -4642 (base 10) to base 3.
-20100221
What is 27b7 (base 12) in base 5?
121403
Convert 4a5 (base 11) to base 12.
41b
Convert -4 (base 5) to base 10.
-4
Convert -208 (base 16) to base 5.
-4040
What is 5945 (base 14) in base 7?
63215
What is 1246 (base 7) in base 10?
475
Convert 247 (base 12) to base 15.
17d
What is 692 (base 15) in base 10?
1487
What is 530 (base 10) in base 13?
31a
-1541 (base 11) to base 15
-8c1
-200020 (base 3) to base 8
-754
-2116 (base 11) to base 15
-c6a
What is 1103213 (base 6) in base 7?
316551
What is -11033 (base 14) in base 3?
-2002112010
265 (base 11) to base 15
15d
What is 6888 (base 14) in base 16?
46e8
-2399 (base 11) to base 5
-100013
3024 (base 16) to base 13
57c0
-2111111200 (base 3) to base 12
-24590
2031 (base 4) to base 7
261
4313 (base 7) to base 14
7b3
-2211 (base 6) to base 8
-777
What is 11031 (base 4) in base 15?
173
Convert 1111000000001 (base 2) to base 3.
101112111
Convert 20113 (base 8) to base 15.
26b2
What is 66165 (base 7) in base 8?
40260
-10311 (base 5) to base 3
-222011
1100100001110 (base 2) to base 16
190e
What is -95 (base 16) in base 4?
-2111
Convert -6077 (base 14) to base 4.
-10002321
Convert -7851 (base 16) to base 12.
-159a9
Convert 1a6 (base 15) to base 2.
101111101
What is -1005 (base 11) in base 12?
-934
Convert 23401 (base 5) to base 4.
122332
Convert 1b6 (base 14) to base 15.
18b
15308 (base 9) to base 3
112100022
-101 (base 16) to base 9
-315
Convert -12363 (base 8) to base 5.
-132423
-20212 (base 4) to base 13
-334
Convert 323101 (base 4) to base 3.
12012111
Convert -126 (base 9) to base 3.
-10220
1972a (base 11) to base 2
110101101101011
What is -169bb (base 12) in base 7?
-163610
Convert -30131330 (base 4) to base 12.
-25678
Convert -40811 (base 11) to base 7.
-335412
What is 11111110 (base 2) in base 15?
11e
Convert 110413 (base 5) to base 11.
2998
What is -8230 (base 9) in base 2?
-1011110000101
Convert -10103 (base 4) to base 9.
-335
14090 (base 13) to base 10
37466
What is -53da (base 15) in base 2?
-100010101011011
Convert 33220333 (base 4) to base 10.
64063
Convert -1609 (base 13) to base 2.
-110010010100
What is 1442402 (base 5) in base 10?
30977
Convert 4db0 (base 14) to base 15.
40bd
-206 (base 12) to base 5
-2134
What is -10110100011001 (base 2) in base 12?
-6821
What is -2213 (base 13) in base 16?
-128c
Convert -4230 (base 6) to base 9.
-1270
Convert -3a2 (base 12) to base 15.
-26e
Convert 135455 (base 7) to base 16.
6569
What is 26114 (base 7) in base 8?
15410
Convert -409 (base 12) to base 2.
-1001001001
17c8 (base 13) to base 8
6730
What is -406 (base 11) in base 7?
-1300
What is 704c (base 13) in base 4?
3301103
Convert 43140 (base 5) to base 8.
5550
-16510 (base 9) to base 16
-2c55
What is -2000140 (base 6) in base 2?
-10110110010111100
What is -10414 (base 6) in base 15?
-66a
Convert -13074 (base 9) to base 4.
-2021233
What is 46485 (base 10) in base 13?
1820a
-2457 (base 10) to base 13
-1170
Convert 441 (base 9) to base 6.
1401
257 (base 16) to base 10
599
Convert -20225 (base 7) to base 2.
-1001100110111
Convert 7a2 (base 13) to base 11.
a96
What is 171536 (base 8) in base 10?
62302
What is -165 (base 9) in base 6?
-352
74 (base 10) to base 9
82
Convert 6620 (base 9) to base 3.
20200200
Convert -722 (base 8) to base 3.
-122021
-2014432 (base 5) to base 7
-163505
Convert 2522 (base 6) to base 12.
442
52 (base 12) to base 5
222
Convert 1025 (base 8) to base 5.
4113
What is -10111101011 (base 2) in base 13?
-8c7
-24138 (base 9) to base 13
-7478
Convert 7786 (base 11) to base 16.
2812
1525 (base 6) to base 16
19d
Convert -2810a (base 11) to base 8.
-116175
What is -1872 (base 13) in base 5?
-104032
Convert 599 (base 10) to base 14.
30b
-11761 (base 9) to base 5
-223122
530 (base 6) to base 12
146
What is 36 (base 8) in base 14?
22
What is 1036 (base 12) in base 5?
24040
-5541 (base 6) to base 13
-77b
What is 10221 (base 4) in base 16?
129
What is -7656 (base 14) in base 2?
-100111111101100
-111110100 (base 2) to base 13
-2c6
760 (base 11) to base 4
32101
What is 2042201 (base 5) in base 10?
34051
213420 (base 5) to base 11
5591
-22752 (base 12) to base 14
-12a98
Convert -20c0 (base 15) to base 10.
-6930
Convert -436 (base 12) to base 7.
-1542
Convert -127a5 (base 13) to base 11.
-23828
What is 3540 (base 10) in base 9?
4763
Convert 453 (base 8) to base 6.
1215
-27825 (base 9) to base 3
-221220212
44644 (base 7) to base 9
16447
Convert -20b (base 14) to base 8.
-623
What is 208 (base 11) in base 10?
250
What is -212 (base 6) in base 11?
-73
-417 (base 8) to base 12
-1a7
-245322 (base 6) to base 4
-11112302
What is -3130343 (base 5) in base 7?
-304345
What is 1101 (base 6) in base 5?
2003
What is 2101 (base 5) in base 3?
101020
Convert -65660 (base 8) to base 16.
-6bb0
Convert -187 (base 9) to base 5.
-1120
Convert -964 (base 16) to base 11.
-1896
Convert -80 (base 14) to base 8.
-160
Convert 15025 (base 6) to base 8.
4531
What is 1002 (base 10) in base 3?
1101010
What is 10110110 (base 3) in base 16?
9db
-26ca (base 16) to base 15
-2e20
Convert -2 (base 8) to base 2.
-10
Convert -1111220 (base 3) to base 15.
-4d9
-24334 (base 5) to base 13
-abb
Convert 5461 (base 9) to base 10.
4024
Convert 43711 (base 9) to base 12.
14954
Convert 24012 (base 5) to base 9.
2362
What is a43 (base 11) in base 15?
58c
What is 97 (base 12) in base 4?
1303
What is -4374 (base 14) in base 7?
-46004
Convert 22321 (base 5) to base 6.
11202
Convert -638 (base 9) to base 8.
-1011
What is -1122002 (base 3) in base 13?
-707
What is 23432 (base 7) in base 13?
29a5
Convert 330 (base 13) to base 5.
4141
Convert -1089 (base 10) to base 2.
-10001000001
-2922 (base 14) to base 4
-1301302
What is -3060 (base 7) in base 5?
-13241
What is -1108 (base 15) in base 3?
-11221122
Convert -10111011 (base 2) to base 3.
-20221
11053 (base 6) to base 11
1185
1222344 (base 5) to base 12
11702
What is -1649 (base 13) in base 15?
-e82
755 (base 12) to base 9
1422
Convert -84 (base 13) to base 2.
-1101100
What is -351 (base 6) in base 10?
-139
What is -13313 (base 4) in base 8?
-767
What is -2000031 (base 5) in base 12?
-16116
Convert -450 (base 11) to base 16.
-21b
Convert -53262 (base 8) to base 10.
-22194
What is 24224 (base 5) in base 13?
a97
Convert 3111 (base 4) to base 3.
21220
Convert -124122 (base 6) to base 4.
-2300102
Convert -34253 (base 10) to base 15.
-a238
What is -29ad (base 15) in base 7?
-35026
Convert 221 (base 6) to base 14.
61
b54 (base 13) to base 9
2572
What is 2002203 (base 5) in base 14?
b6db
What is -1003003 (base 5) in base 12?
-9317
What is 1141 (base 5) in base 10?
171
100110010 (base 2) to base 8
462
Convert -124422 (base 5) to base 11.
-3824
What is -101100111011001 (base 2) in base 9?
-34486
705 (base 9) to bas